. Let r = -3 + 8. Suppose 2*k - w = -2*k - 5*u, -r*k + 169 = 4*u. Is k composite?
True
Let g be (-4 + 6)*30/4. Suppose -9 = 4*k + g. Let j(x) = 5*x**2 + 3*x - 3. Is j(k) prime?
False
Let x(v) = -v**3 + 16*v**2 - 2*v - 30. Is x(11) composite?
True
Suppose -7 = -2*u - 5*d, 5*d + 9 = 3*u - 14. Suppose -u*q + 745 = -q. Is q a composite number?
False
Let i = 24 - 45. Let g = 40 + i. Is g prime?
True
Let x = 8 + -4. Suppose x*t - 344 = 4*m, -2*t - 3*t - 2*m = -465. Is t composite?
True
Is ((-1052)/(-6)*3/2)/1 a prime number?
True
Suppose 4*w + 5*j + 6 = 27, 5*j - 1 = w. Let h(p) = p**3 - 6*p**2 + 5*p + 3. Let q be h(w). Let o = q - -16. Is o a composite number?
False
Is 6153/(-9)*(1 - 4) composite?
True
Is (-3118)/2*1/1*-1 a prime number?
True
Let j(y) = -y + 5. Let n be j(0). Suppose -25 = -4*p - n. Suppose w - p = 30. Is w a prime number?
False
Let a(g) = -g**3 - 9*g**2 + 15*g + 16. Is a(-11) prime?
False
Is 9220/10 - (1 + 2) a prime number?
True
Let y(m) = 4*m - 7 + m**2 + 0*m - 2*m + 0*m**2. Is y(12) composite?
True
Let y(b) = -30*b + 1. Suppose 9 = 5*d - 2*w + 3*w, -4*w - 12 = -4*d. Suppose -d = 2*a - 0. Is y(a) a prime number?
True
Let w(x) = 10*x**3 - 9*x**2 + 9*x - 1. Is w(6) prime?
True
Suppose 957 = n + u, -1 + 5 = 2*u. Is n prime?
False
Let h(g) = 60*g**2 + 6*g - 5. Is h(4) prime?
False
Let g(k) = 515*k**2 - 3*k - 1. Is g(-3) composite?
False
Suppose 2*f = 3*v + 23, 0*f + 12 = f - 2*v. Is f a composite number?
True
Suppose 5*r - 3 = 7. Suppose -4*g = 16, 58 = 4*t - r*t - 4*g. Is t a prime number?
False
Is (-2)/(-5)*(-138110)/(-28) a prime number?
True
Suppose -t - 3*b - 9 = -0*b, -4*t + 5*b + 15 = 0. Let h be (t - 1)*-136 + 0. Suppose -2*d - 2*d + h = 0. Is d composite?
True
Let b(z) = -z - 13. Let p be b(-7). Is 6/(-18) + (-1148)/p composite?
False
Suppose 95 = 2*h + 3*h. Suppose -f + p - 9 = -2*f, -3*f - p + h = 0. Suppose -f*k + 364 = -k. Is k a composite number?
True
Suppose -3*x - 2*x + 2*v = 0, 4*x + 3*v = 23. Let q be (1 - x) + 3 + -2. Let h = 39 - q. Is h composite?
True
Suppose 0*b = -3*r - 2*b - 8, -16 = 3*r - 2*b. Is (-1 - -523) + (-5 - r) composite?
False
Is -2 - -1 - (-4)/2*267 a composite number?
True
Let k be (-14)/(-4)*8/14. Suppose -k*p = p - 24. Let d = 11 + p. Is d a composite number?
False
Let g(w) = -15*w**2 - 24*w + 17. Let d(s) = -5*s**2 - 8*s + 6. Let m(z) = 11*d(z) - 4*g(z). Is m(3) prime?
True
Let i(j) = -2*j + 4. Let n(p) = -p**2 - p. Let o(c) = i(c) - 2*n(c). Suppose 10*r - 5*r - 3 = -l, -r = l - 3. Is o(l) composite?
True
Suppose -20811 = -46*w + 25*w. Is w prime?
True
Suppose -11 - 13 = -4*k. Is (6/4)/(k/204) prime?
False
Let d(f) = -3*f**3 + 6*f**2 + 8*f + 4. Let o be d(6). Let z = 967 + o. Is z prime?
True
Let q(p) = -30 + 21 - 3*p**3 - p**2 + p**3 - 3*p**2. Is q(-4) composite?
True
Is (-6)/4*(4736/(-12))/8 prime?
False
Suppose -6*k - 3*a + 6958 = -k, k + 5*a - 1396 = 0. Is k a composite number?
True
Let j(q) = 6*q**2 + q. Let g be j(1). Suppose 2*c - g = 5*w, 0 = -5*w + w + 5*c - 9. Is (1/2)/(w/(-52)) prime?
False
Suppose -5*t = -8 - 17. Suppose i = 3*g + 53 - 387, -t = -i. Is g prime?
True
Let j(i) = -2*i + 14. Let k be j(12). Let r = k - -29. Is r a prime number?
True
Let d(t) = -t**2 + 10*t - 3. Is d(6) prime?
False
Let y = -6 - -26. Suppose -2*l = -3*v + 32 + 233, 0 = -4*l - y. Is v prime?
False
Suppose 4*f + 92 = 12. Let u = f - -42. Is u prime?
False
Let t be -2 + 2/1 + 5. Suppose t*u + 3*p + 9 = 7*p, -2*u + 6 = -4*p. Is (-2)/u - 126/(-10) a composite number?
False
Is -4*((-1484)/16 - 2) composite?
False
Let l(n) = 2*n**2 + 3*n + 7. Let o(s) = -s**3 + 5*s**2 + 8*s - 6. Let b be o(6). Is l(b) prime?
True
Let s be (-15)/((-119)/58 - -2). Suppose 0 = 2*u - 0*u - s. Is u prime?
False
Let q = 462 - 259. Is q composite?
True
Let c be (-80)/8*98/(-5). Let a = -69 + c. Is a a prime number?
True
Let b = 0 + -8. Let n(k) = -4*k - 4. Let g(v) = 1. Let j(u) = 3*g(u) + n(u). Is j(b) prime?
True
Let b = -6 + 6. Suppose 0 = i + 1, b*i - 5*i + 10 = 5*t. Is ((-351)/t)/(-3)*1 a composite number?
True
Let i = -30 - 57. Let u = -148 + 272. Let t = u + i. Is t composite?
False
Let y = 4 - 1. Let s(o) = -6*o - 5. Let g be s(-6). Suppose g = 4*k - y*k. Is k composite?
False
Suppose 2179 = 3*x - 650. Is x a prime number?
False
Let k be 6/5*(-10)/(-4). Let f be (-1*3)/k*-6. Let a(v) = -v**2 + 7*v + 8. Is a(f) a composite number?
True
Suppose -12*r = -17*r + 10. Suppose -3*j + 42 = 5*b, 4*j - r*j - 53 = 5*b. Is j a composite number?
False
Let h(i) = i**3 - i**2 - i - 1. Let f be h(-1). Let o(j) = j**2 - j + 1. Let g be o(f). Suppose -127 + g = -4*p - 4*s, -2*p = s - 55. Is p a composite number?
True
Let y = 8 - 5. Suppose y*k + 20 = 2*u - 21, -u - 3*k - 2 = 0. Is u composite?
False
Is (-1)/(-4)*-1 - 407898/(-136) prime?
True
Let b = -39 + 27. Let y be (-3573)/b - (-3)/12. Is (5/10)/(1/y) a composite number?
False
Suppose -3*f + 16 + 5 = 0. Is f a prime number?
True
Suppose 0*l - 3102 = -2*l. Let q = l - 686. Is q composite?
True
Is ((-18)/36)/(1/(-254)) prime?
True
Let g be 388 - 6/(-4)*-2. Suppose -g = -2*c - 3*p, -2*c - p = -214 - 161. Is c prime?
False
Let z(p) = -4*p**2 - 2*p**3 + 3*p**3 + 4*p**2 - 3 + 2*p**2. Let q be z(-3). Let h = 23 + q. Is h composite?
False
Let l(s) = 7*s**2 + 3*s - 8. Suppose -2 = -2*n - 14. Let m be l(n). Let f = m - 147. Is f a prime number?
True
Suppose -4*m = -8, -4*d - 3*m + 6*m - 46 = 0. Let n = 0 - -33. Let o = n + d. Is o a composite number?
False
Suppose 4*c = -4 + 24. Suppose -p + 2*t = 1, -5*p + c*t = -2 - 3. Suppose -x - 5*r = 3, -3*x - p*r - 2*r + 41 = 0. Is x a composite number?
True
Let n = 5 + -4. Is ((-10)/n)/(4/(-14)) a prime number?
False
Let z(t) = t**3 - 5*t**2 + 2*t - 5. Let d be z(5). Let p = d + -3. Suppose 0 = 3*q - 0*q + 5*c - 254, q - p*c = 81. Is q a prime number?
True
Let c(m) = 80*m. Let t(k) = 81*k + 1. Let g(x) = 6*c(x) - 5*t(x). Is g(4) composite?
True
Let f be (2 - 7)*((-2 - -5) + -4). Let v(i) = 14*i**2 - 2*i + 2. Let c be v(6). Suppose -461 = -f*l + c. Is l prime?
True
Let p(y) = -3*y**3 + 13*y**2 - 9*y - 6. Let d(n) = -2*n**3 + 12*n**2 - 8*n - 6. Let c(h) = 4*d(h) - 3*p(h). Is c(-9) a prime number?
False
Let a = 11 - 8. Suppose 0 = 4*p - a*p - 3*o - 190, 3*p - 2*o = 563. Is p a composite number?
True
Suppose 613 = 3*q + 40. Is q a composite number?
False
Let v(o) = -o**2 - 7*o. Let w be v(-7). Let f = 3 + w. Suppose -f*z = -43 - 32. Is z prime?
False
Is (1324/6)/(8/84) prime?
False
Suppose -2*b - b - 5*p + 216 = 0, -b - p + 70 = 0. Is b prime?
True
Suppose -4*c + 73 = 3*m, 81 = 4*m - 3*c + 17. Let b = -9 + m. Is b a prime number?
False
Is (-2)/3 + 1076/12 a prime number?
True
Let u(d) = d**3 + 12*d**2 + 5*d - 1. Is u(-11) a prime number?
False
Let h be 1 - (-1 + 2)*235. Let w = h + 527. Is w composite?
False
Let z(c) = -c**3. Let b(w) = 50*w**3 + w**2 - w + 1. Let h(d) = b(d) - 6*z(d). Is h(1) a prime number?
False
Let z(g) = 3*g - 9. Let j be z(10). Let t(a) = 3*a**3 + 2*a**2. Let p be t(2). Let f = p + j. Is f a prime number?
True
Let s be ((-5)/(-2) - 3)*-2. Is 11*(16 + -3)/s a prime number?
False
Suppose -o + 2*q = -9, 2*o + 2*q + 3*q + 18 = 0. Suppose o = -2*f + 3*f. Is f + (378/3)/3 prime?
True
Suppose -23 = -j - 2. Is j composite?
True
Let j(q) = -q + 3 + 3 - 1 + 14*q**2 - 4. Is j(-2) composite?
False
Let g = -5 + 8. Suppose -295 = -g*i + 104. Is i a composite number?
True
Let j(z) = 78*z + 7. Is j(8) a composite number?
False
Suppose 4*j - o - 889 = 0, o - 5 = 2*o. Is j a composite number?
True
Let u(w) = 0 - 1 - 31*w - 1 - 10*w. Is u(-3) a composite number?
True
Suppose -5*q + 8 = -12. Suppose -3*z - 820 = -5*j + 847, -q*j = 2*z - 1316. Is j composite?
False
Is 14/3*32769/66 a composite number?
True
Let o be (-1)/3 - (-4)/12. Let q = o - -7. Let y(j) = j**2 - j - 5. Is y(q) composite?
False
Suppose 0 = -5*j - 106 - 149. Let f = j - -90. Is f a prime number?
False
Suppose -2*s = -3*p - 31, s - 2*p + 5 = 2*s. Let j(k) = k + 2. Let y be j(-3). Let r = y + s. Is r composite?
True
Let s(k) = k**2 - 3*k - 14. Let g be s(6). Let x(d) be the third derivative of 7*d**4/12 + d**3/2 + d**2. Is x(g) prime?
True
Let j be (-3)/1*(-25)/15. Suppose -j*x + 1185 = -0*x. Is 4/(-6)*x/(-2) prime?
True
Let l be (2 + 0)/(-2) - 40. Let q = 70 + l. Suppose 2*t + q = 105. I